common divisor of 60 and z.
20
Let s be -20*(12/10)/(3/(-10)). Calculate the highest common divisor of s and 470.
10
Let w = 49 - 24. Let z(p) = -5*p**2 + 203*p + 87. Let s be z(41). Calculate the highest common factor of w and s.
5
Let d(q) = -137*q**3 - 2*q**2 + 1. Let n be d(-1). Suppose 2*t + 5*f = -3*t + 100, 4*t - 5*f = 53. Calculate the highest common factor of n and t.
17
Suppose 59 = 3*j - 25. Suppose -4*k + j + 4 = -4*l, -2*k - 2*l = -28. What is the greatest common factor of 77 and k?
11
Let j = -183 - -192. Calculate the greatest common divisor of 51 and j.
3
Suppose 0 = 5*n - 4*n - 1. Let z be (-124)/(-14) + n/7. What is the greatest common factor of 6 and z?
3
Let u be 3 - (-1 - 0)*0. Suppose -u*v = -7*v + 64. Calculate the highest common factor of 16 and v.
16
Let q(g) = -g**3 - 34*g**2 - g - 20. Let z be q(-34). What is the greatest common factor of z and 21?
7
Let q be -13 + 388 + 0 + 2. What is the greatest common divisor of q and 58?
29
Let t = 1120 - 1089. Calculate the highest common divisor of 341 and t.
31
Let b be (0 + -1 + (-22)/(-33))*-78. Let s = 38 - b. Calculate the highest common factor of s and 60.
12
Suppose 138 + 54 = 2*w. What is the greatest common factor of w and 416?
32
Let v(s) = -s**2 + 19*s + 28. Suppose 0 = 3*p - 6*p + 60. Let i be v(p). Let y(l) = 4*l - 19. Let o be y(i). Calculate the greatest common factor of o and 143.
13
Let s = -132 - -210. Suppose 3*q + 39 = 4*q. What is the greatest common divisor of s and q?
39
Let d be 3/3 - (2 + 2). Let q = 6 + d. Suppose f = q*f - 100. Calculate the highest common divisor of 5 and f.
5
Suppose 17*j - 18612 = -19*j. Calculate the greatest common factor of j and 11.
11
Suppose 203*r = 208*r - 340. Calculate the greatest common divisor of r and 85.
17
Let l = 122 - 111. Let i(p) = -9*p + 4 + p**2 + 7 - p. Let u be i(l). What is the greatest common divisor of u and 33?
11
Let b = -52 + 61. Let y = -8 + 17. Calculate the highest common factor of y and b.
9
Let n = 104 + -74. Let t(u) = u + 15. Let j be t(-13). Suppose -j = -z + 4. What is the highest common divisor of n and z?
6
Let x be (-17 + 1 - -6)*-6. What is the greatest common factor of x and 105?
15
Let q(r) = -r**2 - 11*r + 14. Suppose -7*z - 104 + 20 = 0. Let u be q(z). Calculate the greatest common divisor of u and 8.
2
Let r be ((-134)/(-6) + 0)*(10 - 13). Let f = r - -139. What is the highest common divisor of 8 and f?
8
Suppose -142 = -4*z + 3*z + 2*i, 650 = 5*z + 2*i. Let s = -78 + z. Calculate the highest common factor of 18 and s.
18
Let m = -376 + 139. Let k = 360 + m. Calculate the greatest common divisor of 41 and k.
41
Suppose -t = j + 1 - 18, -5*t = -j + 11. Suppose -3*y = y - j. Suppose -8 = -6*m + y*m. Calculate the greatest common factor of 4 and m.
4
Suppose z + k - 11 = 0, 5*z - 60 = -k - 13. Let t = z - 9. Suppose m + t = 8. What is the highest common divisor of 72 and m?
8
Suppose -5*i + 100 = -75. Calculate the greatest common divisor of 175 and i.
35
Suppose -29*n = -1385 + 254. Calculate the greatest common divisor of n and 117.
39
Let q be (3/6*23)/((-4)/(-8)). Calculate the highest common divisor of 115 and q.
23
Suppose 0 = -2*t + 191 + 295. Suppose -3*v - 4 = -4*v. Suppose -v*i + i = -81. Calculate the highest common divisor of i and t.
27
Let h = 1 + 2. Suppose -5*f - h = -58. Let z be 730/6 - 8/12. Calculate the highest common factor of z and f.
11
Suppose 98*g = 103*g - 15. What is the highest common factor of 57 and g?
3
Let f = 9 + 41. Suppose 5*k - f = -0*k. Let w be 8/k*60/8. Calculate the greatest common factor of 3 and w.
3
Suppose 4*p = g + 33 - 9, -2*g - 18 = -3*p. Calculate the highest common divisor of p and 4.
2
Let y = -67 - -117. Suppose 3*o = 5*x - x + y, -4*x = -o + 30. What is the highest common divisor of o and 110?
10
Let l be 2/8 + 135/36. Let s be l/14 + 5131/49. What is the highest common divisor of 42 and s?
21
Suppose 26*a - 24589 = -5453. Calculate the greatest common divisor of 23 and a.
23
Suppose 24*x = 4849 + 37871. What is the highest common factor of x and 40?
20
Let t(l) = 13*l**2 - 8*l + 4. Let p(n) = 64*n**2 - 39*n + 20. Let w(z) = -2*p(z) + 11*t(z). Let f be w(-5). What is the greatest common divisor of f and 39?
39
Let f be (12 - 15) + 92*3. Calculate the highest common factor of 78 and f.
39
Suppose 0 = 3*j - 421 - 68. Suppose 4*t - 187 - 17 = -4*g, -j = -3*g + 2*t. Let l = -32 + g. Calculate the highest common divisor of 42 and l.
21
Let k = -1 - -12. Suppose 4*g = 5*l - 13, -g + 3 = 2*l + 3*l. Calculate the highest common divisor of l and k.
1
Let s(w) = -w**3 - 2*w**2 - 2*w - 1. Let n be s(-2). Let p(a) = a**n + 15 - 1 + a + 17 + 23. Let u be p(0). Calculate the highest common factor of u and 27.
27
Let q(a) = -a**2 + 30*a - 33. Let l be q(11). Calculate the greatest common divisor of l and 55.
11
Let i be 2/(1/2 + (-29)/66). Calculate the greatest common divisor of 33 and i.
33
Suppose 0 = 3*i + 13*k - 14*k - 262, 2*k = 4. What is the greatest common divisor of 154 and i?
22
Let a(y) = 3*y**2 - 51*y - 308. Let d be a(-7). Calculate the highest common factor of d and 168.
28
Let l = -204 + 495. Let x = l + -116. What is the greatest common factor of x and 25?
25
Let g(c) = -c - 22. Let o be g(-32). Let x = 201 - 121. What is the greatest common divisor of o and x?
10
Let k(x) = x**2 - 8*x + 16. Suppose -35 = -0*y - 5*y. Let r be k(y). What is the highest common divisor of 36 and r?
9
Suppose 34 - 134 = 5*k. Let v be (2 + -6 - -7)/((-2)/k). Calculate the greatest common factor of v and 120.
30
Let t be 8/3 - (-2)/6. Suppose 94 = 2*r + 5*a - 406, 0 = -5*a + 10. Let y = -243 + r. What is the greatest common factor of t and y?
1
Let z(g) = -4 + g**2 + 1 - 4*g + 3*g**2 - 3. Let u be z(-3). What is the greatest common divisor of 378 and u?
42
Let t(c) = -c**2 - 42*c - 12. Let o be t(-24). What is the greatest common divisor of 60 and o?
60
Let x be (-10)/75*5*(-744 - 0). Calculate the highest common factor of x and 31.
31
Suppose 0 = g - 70. Calculate the highest common divisor of g and 770.
70
Let b(w) = -4*w**3 - 2*w**2 + 3*w + 2. Let d be b(-2). Suppose -5*h - 35 = -5*j, 6*j - 2*j + 5*h = 1. What is the greatest common divisor of d and j?
4
Let v(c) = 2*c - 8. Let j be v(3). Let z be ((-1)/j)/((-8)/(-496)). Calculate the highest common factor of 124 and z.
31
Let g be (-168)/18*(-3480)/28. What is the greatest common factor of 40 and g?
40
Let f = 182 - 67. Calculate the highest common factor of f and 92.
23
Let v = 22 - -10. Suppose v + 56 = 4*b. Calculate the greatest common divisor of 33 and b.
11
Let x(g) = 38*g - 10. Let t be x(7). Suppose 5*p = -2*p. Suppose p = -4*z + 139 - 11. Calculate the highest common divisor of t and z.
32
Suppose 0 = -1536*f + 1553*f - 3536. What is the greatest common factor of f and 156?
52
Suppose 0 = 28*d - 4833 - 18351. What is the greatest common factor of d and 36?
36
Let v = -110 + 118. Let a = 123 - 103. Calculate the highest common factor of v and a.
4
Let y = 8 - 11. Let q be -165*((-5)/y)/(-5). Calculate the greatest common divisor of 22 and q.
11
Suppose 8*c = 6*c + 24. Let t = c - 11. What is the highest common divisor of 1 and t?
1
Let r = -43 + 48. Suppose -32 = -r*v - 3*v. Calculate the highest common divisor of 32 and v.
4
Suppose 9*c - 8*c = -o + 41, 0 = c - 2*o - 56. What is the greatest common divisor of 1886 and c?
46
Let r(b) = -b**3 - 10*b**2 + 2*b + 4. Let n be r(-10). Let x = n - -18. Calculate the highest common divisor of x and 5.
1
Suppose -53*z - 829 = -55*z + m, -2*z = -5*m - 817. What is the greatest common divisor of 32 and z?
32
Suppose 15*a = 11*a + 600. What is the highest common divisor of a and 60?
30
Suppose -g - 3*p + 31 = -4*p, 5*g + 4*p = 128. What is the greatest common divisor of 16 and g?
4
Let y(s) = s**3 + 6*s**2 + 4*s - 4. Let u be y(-5). Let g be ((-2)/(-4) + u)*4. Suppose 0 = -v - 12 + 16. Calculate the highest common factor of v and g.
2
Suppose -5*n + q + q = -4, 4*n + 2*q = 14. Suppose -d = 4*r - 74, -4*r = -n*d - r + 192. What is the greatest common factor of d and 10?
10
Suppose -5*x = 5*w - 420, 0*w + 4*w + 280 = 3*x. Suppose -27 = -2*v + 41. Let c = -12 + v. Calculate the highest common factor of c and x.
22
Let c be (-31)/(465/(-20))*(19 + -1). Su